 -5*b - 4*m - 4 = 0, -3*b + 2*m = -7*b - 2. Suppose b*d = 3*d + 3*s - 21, 0 = -5*d - 3*s + 41. Calculate the greatest common divisor of 80 and d.
10
Suppose 2*j = 3*j - 39. Calculate the highest common divisor of 13 and j.
13
Let i(s) = 5*s**3 - 4*s**2 + 5*s - 3. Let l be i(2). Calculate the greatest common divisor of l and 31.
31
Let g = 55 - -8. What is the highest common factor of g and 9?
9
Let y(k) = -k**2 + 7*k + 7. Let o be y(6). Calculate the greatest common factor of o and 13.
13
Let p = -133 + 254. Suppose -8 = -4*t + 4. Let s be 35/t - (-2)/(-3). Calculate the greatest common factor of p and s.
11
Let n(h) = -h**3 + 6*h**2 - 4*h. Let m be n(5). Let f(t) = -t**3 + 6*t**2 + 5*t + 5. Let d be f(m). Calculate the greatest common divisor of d and 22.
11
Let t be (72/10)/(3/10). Let j be ((-15)/6 + -2)*(-8)/6. What is the greatest common factor of t and j?
6
Suppose 6*o - 15 = o. Suppose 0 = -o*b + 62 - 17. Suppose -v - 4*k + 50 = 0, -4*k + 110 = 5*v - 60. Calculate the highest common factor of v and b.
15
Let z be (-2 + -3)*12/15. Let k be ((-220)/(-50))/(z/(-10)). What is the highest common divisor of 22 and k?
11
Suppose 0 = -k, 2*i - 22 = 3*k - 7*k. Calculate the greatest common divisor of 11 and i.
11
Suppose 2*d - 115 = -x, -3*x + 51 = d - 14. Let v(t) = t + 3. Let k be v(-4). Let l be (k/1)/((-1)/14). Calculate the highest common factor of l and d.
14
Suppose 2*j - 4 = 4. Calculate the greatest common divisor of 1 and j.
1
Suppose 0 = 3*m + 5 + 16. Let n = m + 11. Calculate the greatest common divisor of 28 and n.
4
Let q be (-10 - 2)/3 - -102. Let p = -62 + q. Calculate the highest common factor of p and 24.
12
Let y = 80 - 0. Suppose 2*w = -q - 3*q + 92, 0 = 4*q - w - y. Let g be 147 - (-4 + 4)/1. What is the highest common divisor of q and g?
21
Suppose -128 = -15*w + 11*w. Calculate the highest common divisor of 4 and w.
4
Suppose 2*a + 2*i = 10, -5 = -3*a + 3*i - i. Calculate the greatest common divisor of 3 and a.
3
Suppose 0 = z + 3*b - 80, 0 = 2*b - 5 - 5. Let f = 33 + -20. What is the greatest common divisor of f and z?
13
Let l be 3 - (3 + -1 - 1). Suppose l*m = 4*m + 16. Let k be 0 + 0 - (m - -3). What is the greatest common divisor of 1 and k?
1
Let y = -40 - -48. What is the greatest common divisor of y and 8?
8
Let l = -28 - -45. Suppose 14*z - 3*z = 187. What is the highest common divisor of z and l?
17
Let j be 0 + (2 + 2)/4. Calculate the greatest common factor of 13 and j.
1
Suppose -2*a = 2*a - 96. Let f be (270/a)/(2/8). Calculate the highest common factor of 18 and f.
9
Let v be (26/(-8)*6)/(6/(-8)). What is the highest common factor of v and 117?
13
Let n(x) = x + 91. Let r(u) = -u + 1. Let q be r(1). Let g be n(q). What is the greatest common factor of g and 13?
13
Let y = 241 - 106. What is the highest common divisor of 54 and y?
27
Let p be (1*3)/((-21)/(-28)). Let z be p*(2 - (1 - 1)). Let w be -1 + 1 + 1*88. What is the highest common divisor of z and w?
8
Let w = 11 + -12. Let f be 77 - (-1 + w) - 3. Calculate the greatest common divisor of f and 19.
19
Let t(v) = 2*v**2 - 3*v + 9. Suppose -4*u + 34 - 10 = 0. Let g be t(u). Suppose 0 = -4*k + g - 27. What is the highest common divisor of 45 and k?
9
Suppose 0 = -2*a + 7*a - 75. Let c = 0 + a. Let y = 633 + -498. What is the greatest common divisor of y and c?
15
Let r = 318 - 183. Calculate the greatest common divisor of 15 and r.
15
Let f(x) be the third derivative of x**4/24 - x**3/6 - 2*x**2. Let g be f(2). Suppose -39 = -4*r + 5. What is the greatest common divisor of r and g?
1
Suppose -4 + 2 = x - p, 3*x + p - 2 = 0. Suppose 2*d + 88 = 5*a, -5*d - 16 - 4 = x. What is the greatest common divisor of a and 16?
16
Suppose 138 - 54 = 4*l. Let p(k) = k**2 - 4. Let m be p(-5). Suppose m = r + 2*r. Calculate the greatest common divisor of l and r.
7
Let q = -13 - -29. Let k be (0 - 0) + 42 - 2. What is the greatest common factor of q and k?
8
Suppose -17*n + 12*n = -90. Calculate the highest common factor of 27 and n.
9
Let v = 12 + -7. Suppose t + 1 = -v*h, 3*h + 0 = 3. Let l(a) = -a**3 - 7*a**2 - 7*a + 6. Let q be l(t). Calculate the greatest common factor of q and 18.
6
Let r = -107 - -172. Suppose r = s + 4*s. Calculate the highest common divisor of s and 117.
13
Suppose -122 = -5*r - 47. Let j(m) = 40*m. Let h = 2 - -1. Let v be j(h). Calculate the highest common factor of r and v.
15
Let y = 10 - -32. What is the greatest common divisor of 28 and y?
14
Let r = 96 + -63. What is the greatest common divisor of 3 and r?
3
Let j = -57 + 81. Calculate the highest common divisor of j and 216.
24
Suppose 2*s = 3*s - 3. Suppose 3*v - s = 2*v. Calculate the greatest common factor of v and 15.
3
Let o(c) be the third derivative of -c**6/120 + 3*c**5/20 + c**4/8 + c**3/3 + 2*c**2. Let z be o(8). Calculate the greatest common factor of z and 10.
10
Suppose -4*z + 0 = -12. Let o be 3/(z - 12/8). Calculate the greatest common factor of o and 18.
2
Let s be ((-56)/20)/((-8)/20). What is the highest common factor of 14 and s?
7
Let f be (-2 + 2)*7/(-14). Suppose f*n - 32 = -2*n. What is the highest common divisor of n and 4?
4
Let j(n) = -2*n**2 + n - 5. Let o be j(-5). Let m = -40 - o. Calculate the greatest common divisor of m and 20.
20
Suppose -2*n = -4*n + 12. Let r = n - 6. Suppose -4*c + 22 + 10 = r. What is the highest common factor of 56 and c?
8
Let j(k) = k**2 + 5*k - 4. Let r be j(-5). Let v be ((-3)/r)/((-2)/24). Let p be (v/(-6))/(1/6). Calculate the greatest common divisor of 18 and p.
9
Let o(j) = -j**3 + 7*j**2 + 5. Let v be o(7). Suppose 3*q - v*r = 3, 2*r + r - 39 = -5*q. Calculate the highest common factor of 2 and q.
2
Suppose 4*a - 2*b - 42 = -0*b, 2*a - 4*b = 36. Suppose l = -4*i, -5*l - 3*i = 2*i - 15. What is the highest common divisor of l and a?
4
Let u(x) = -5*x + 7. Let y be u(-7). Let s(c) = -c. Let m be s(-3). Suppose 84 = k + m*k. What is the greatest common factor of y and k?
21
Let y = 20 + -12. Suppose -4*c + y = -0. Suppose 0 = -h + 2*h - 2. Calculate the highest common divisor of h and c.
2
Let d(p) = p**2 - 6*p - 2. Let h be d(8). Suppose -2*w = -4*w + 568. Suppose 3*c - 3 - 3 = 0, -4*l + w = 2*c. Calculate the greatest common divisor of h and l.
14
Let f be 12/28 + (-1002)/(-14). What is the highest common divisor of f and 8?
8
Suppose 0 = -2*l + 3*b - 241, 5*l + 4*b = 4*l - 148. Let j be (-1)/(-3) - l/(-6). Let n = -15 - j. Calculate the greatest common divisor of n and 66.
6
Let i be (19*-14 + 0)*-1. Calculate the greatest common factor of 38 and i.
38
Let o(m) = 6*m**3 + 12*m**2 + 9*m + 10. Let q(u) = -u**3 + u - 1. Let n(w) = -o(w) - 5*q(w). Let p be n(-11). Calculate the greatest common divisor of 14 and p.
14
Suppose -m + 7 = -9. Calculate the highest common factor of 16 and m.
16
Let p be 2 - 1*(-4)/(-2). Suppose n = 1 - 10. Let y = p - n. Calculate the highest common divisor of 1 and y.
1
Suppose 85 = 5*r + 5*m, -49 = -3*r - 2*m + 1. Let w(p) = 2*p - 13. Let j be w(9). Let n = -3 + j. Calculate the greatest common divisor of n and r.
2
Suppose t = -0*t + 28. Suppose -t = -3*v + 329. What is the greatest common divisor of 17 and v?
17
Suppose 3*v + 0*v - 42 = 0. Suppose 2*c - v = -l, -4*c + 22 + 8 = l. What is the greatest common factor of 16 and c?
8
Suppose -3*r = -4*l - 43, 0*l + l - 41 = -5*r. What is the greatest common factor of 6 and r?
3
Let b = 1 + 2. Suppose -b*h + 20 = -10. What is the greatest common factor of h and 110?
10
Let r(j) = 2*j**3 - 7*j**2 - 3*j + 8. Let x be r(6). What is the highest common divisor of 68 and x?
34
Suppose -2*v + 25 - 1 = 0. Let i(s) = s**2 - 18*s - 52. Let r be i(22). What is the greatest common divisor of r and v?
12
Let v(h) = 17*h - 6. Let a be v(3). What is the greatest common factor of 9 and a?
9
Suppose 0 = 3*y - 2*h + 22 + 14, -4*h = -3*y - 30. Let k = y - -31. What is the greatest common divisor of 17 and k?
17
Let g = 33 + 17. Calculate the greatest common factor of 20 and g.
10
Let w(x) = -x**2 + 11*x + 7. Let q(u) = -1. Let p(k) = 3*q(k) + w(k). Let b = 23 - 13. Let h be p(b). What is the greatest common divisor of h and 70?
14
Suppose 3*z - 75 = 150. Let x(j) = -4*j + 1. Let m be x(-1). Suppose m*q = 98 - 23. Calculate the greatest common divisor of q and z.
15
Le